 -1).
6
Let i(l) = 18*l**2 - l + 1. Let a = 143 - 91. What is the remainder when a is divided by i(1)?
16
Let q(w) = 22*w + 4. Let t be q(7). Let p = t + -100. What is the remainder when p is divided by 20?
18
Let l = 25 - 15. What is the remainder when l is divided by 3?
1
Suppose -3*c = 5*o - 41 - 15, -20 = -c - 3*o. Let g(a) = a + 1. Let u be g(1). Suppose -c = -3*f + u*f. What is the remainder when 50 is divided by f?
16
Suppose -60 = 3*x + 2*x. Let o be ((-16)/x)/(2/3). Suppose o*h - h - 11 = 0. Calculate the remainder when 31 is divided by h.
9
Let i = 0 - -6. Let d = 0 + i. What is the remainder when 20 is divided by (44/d)/(6/9)?
9
Calculate the remainder when ((-3)/2)/((-3)/80) is divided by 21.
19
Let o = 279 + -140. Calculate the remainder when o is divided by 47.
45
Suppose 11 - 2 = f. What is the remainder when 26 - (-3)/(6/(-4)) is divided by f?
6
Let w be 3*-1*(-2)/(-2). Let d be w + 0 + 1 + 2. Suppose -3*g + 8*g - 2*j - 96 = d, -g - 3*j = -26. What is the remainder when 39 is divided by g?
19
Let f be (3/1 - 2)/(-1). Let l(p) = 15*p + 3. Let o(y) = -y - 1. Let b(g) = f*l(g) - 4*o(g). Calculate the remainder when 23 is divided by b(-1).
11
Let f = -111 - -122. Let p = 82 - 53. What is the remainder when p is divided by f?
7
What is the remainder when 54 is divided by (2 + -1)/((2 - -2)/76)?
16
Let g(d) be the first derivative of -2*d**2 + 1. Calculate the remainder when 70 is divided by g(-6).
22
What is the remainder when 132/(-8)*(-7)/(7/2) is divided by 6?
3
Let b be 354/9 - 2/(-3). Let v = b - 19. Calculate the remainder when v is divided by 8.
5
Let n(r) = -4 + 7*r**2 - 6*r**2 + 3. Let v be n(2). Suppose 3*j - 9 + v = 0. What is the remainder when 6 is divided by j?
0
Let p(x) = x**3 + 4*x**2 - 5*x + 10. What is the remainder when 28 is divided by p(-5)?
8
Let u(t) = -t**3 + 6*t**2 - 4*t + 2. Suppose 266 = 4*m + 5*y, y - 343 = -5*m - 0*y. What is the remainder when m is divided by u(4)?
15
Suppose y = 4*w + 17, -3*w + 0*w - 34 = -5*y. What is the remainder when 13 is divided by y?
3
Suppose -8 = -7*i - i. What is the remainder when i is divided by 1?
0
Suppose -30 = -y - 4*y. Calculate the remainder when 33 is divided by y.
3
Suppose -3*m + 0*m = 6. Let g be 8/5 + m/(-5). Suppose 4*l + 5*d = 199 - 11, -g*l = -5*d - 64. Calculate the remainder when l is divided by 22.
20
Let w(k) = 8*k - 12. Let s be 1/4 - (-33)/12. Suppose 7*f - s*f = 60. Calculate the remainder when w(5) is divided by f.
13
Let b = -1 + 5. Suppose -16 = -m - b*d, -4*d + 1 + 51 = 4*m. What is the remainder when 21 is divided by m?
9
Let u(m) = -2*m + 5. Calculate the remainder when u(-4) is divided by 7.
6
Suppose 54 - 4 = 2*f. Calculate the remainder when f is divided by 10.
5
Let i = 8 + 11. Calculate the remainder when i is divided by 10.
9
Let o = 168 + -99. What is the remainder when o is divided by 18?
15
Let j = -27 + 88. Suppose -4*k = x - 66, 4*x - 3*k = j + 108. Calculate the remainder when x is divided by 16.
14
Let f(w) = 3*w**3 - 3*w**2. What is the remainder when 31 is divided by f(2)?
7
Suppose -175 = -3*x - 13. Calculate the remainder when x is divided by 110/6 - 5/((-30)/4).
16
Let h(u) = u**3 - 11*u**2 + 16*u - 26. Let b(o) = 17*o**2 + 1. What is the remainder when h(10) is divided by b(-1)?
16
Suppose -15 - 10 = -5*u. Let m = 9 + 2. Suppose -r = -2*l - m, -r = 5*l - 4*l + 1. What is the remainder when u is divided by r?
2
Suppose -10*h = -2*h - 160. Calculate the remainder when 38 is divided by h.
18
Suppose -2*d + 111 = 3*n, 0*d - 3*d - 5*n + 167 = 0. Suppose -2*c + 4*y + 47 = 15, d = 4*c + 2*y. Calculate the remainder when 39 is divided by c.
11
Suppose 0 = -2*h + 1 - 5. Let m be 2/6*(h - -8). Suppose c - 5 = m*w - 13, 5*c = w + 5. Calculate the remainder when 8 is divided by w.
3
Let d(w) = 3*w**2 - 16*w + 6. What is the remainder when d(6) is divided by 10?
8
Let x = 157 - 93. Suppose -q - 4*q + 20 = 0. Suppose q*l + 0*l = x. Calculate the remainder when l is divided by 9.
7
Let g = -8 - 1. Let l = 20 + g. What is the remainder when 31 is divided by l?
9
Suppose -2*f = 14 + 2. Let z(s) = -s**3 - 7*s**2 + 4*s + 5. Calculate the remainder when z(f) is divided by 1 - (2 + -1 - 13).
11
Suppose -5*k - 30 = -10*k. Let u = k + 0. Calculate the remainder when 50/3 + (-2)/3 is divided by u.
4
Calculate the remainder when (-4)/(-22) + 17392/176 is divided by 17.
14
Let l = 4 - 5. Let h(a) = -4*a - 1. Let z be h(l). What is the remainder when z/(-4)*(-9 - -1) is divided by 4?
2
Let n(d) = 3*d + 5. Suppose -12 = -c - 0*c. Calculate the remainder when c is divided by n(0).
2
Let s(f) = -f**2 - 9*f + 7. What is the remainder when 97 is divided by s(-6)?
22
Let x(n) = n**2 + 4*n + 10. Calculate the remainder when x(5) is divided by 14.
13
Let u = 6 - -1. Calculate the remainder when 12 is divided by u.
5
Let o = -4 + 6. Suppose -p - 2 = -h + o*p, 0 = 2*h + 4*p + 46. Let z = 24 + h. Calculate the remainder when 20 is divided by z.
9
Let w(q) = -3*q**3 - 11*q**2 - 2*q + 8. What is the remainder when 126 is divided by w(-4)?
30
Suppose q - b + 4*b = -32, 4*b + 160 = -5*q. Let l = q + 4. What is the remainder when l*-3*2/8 is divided by 11?
10
Let c = 3 - -7. Calculate the remainder when 15 is divided by c.
5
Suppose -5*f + 2 = -2*g - 19, -5*g + 10 = 0. Calculate the remainder when f is divided by 3.
2
Let l = -3 + -2. Let y = l + 4. Let q = 3 - y. What is the remainder when 6 is divided by q?
2
Let t(y) = y**2 + 7*y + 12. Let v be t(-5). Suppose -2*q = -2*h - 23 - 13, v*q = 5*h + 51. What is the remainder when q is divided by 8?
5
Suppose -2*m - 11 = -55. What is the remainder when 85 is divided by m?
19
Let i(t) = 3*t**2 + 3*t + 8. Calculate the remainder when i(-6) is divided by 25.
23
Suppose -3*f - 5 = -t + 1, 5*f = 5*t - 20. Suppose r + 108 = t*r. Calculate the remainder when r is divided by 28.
26
Let j = 2 - -2. Suppose -s + j = -19. Suppose s = 3*u + 8. Calculate the remainder when u is divided by 2.
1
Suppose 4*g = 8 + 184. What is the remainder when g is divided by 17?
14
What is the remainder when -5 - (75/(-45))/(2/12) is divided by (1 - -1)/(1 + 0)?
1
Suppose -4*y + 71 = s, 0 = -6*y + 2*y - 4*s + 80. What is the remainder when 45 is divided by y?
11
Let f(o) = 1 + 8*o**2 + o**3 + 3*o**2 - 2*o**2. Calculate the remainder when 0 + (1 - 0) - 0 is divided by f(-9).
0
Let n(r) = -r**2 + r + 8. Let b be n(0). What is the remainder when 4 is divided by (-4)/b*4*-1?
0
Let s(b) = b**3 - 4*b**2 + 6*b - 6. Let n be s(6). What is the remainder when 38 is divided by n/5 + 2/(-5)?
18
Let b(m) = 6*m - 3. Suppose 36 = 5*r - w - w, 5*w + 30 = 5*r. Calculate the remainder when b(r) is divided by 23.
22
Let z(k) = 2*k**2 + 5*k - 10. Calculate the remainder when 102 is divided by z(-5).
12
Let i = -52 - -75. What is the remainder when i is divided by 8?
7
Suppose 2*o + 2 - 6 = 0. Let x(d) = d**3 - 3*d**2 - 4*d + 4. Let p be (-207)/(-45) + 6/(-10). Calculate the remainder when x(p) is divided by o.
0
Let l = -452 - -487. Let x be (5/(-2))/(2/4). Calculate the remainder when l is divided by (-47)/x + (-4)/10.
8
Suppose -2*j - 11*r = -6*r - 69, 56 = 3*j - 2*r. Suppose 4*w - 6*w + 128 = 0. Calculate the remainder when w is divided by j.
20
Suppose -185 = -5*u + 475. Suppose 0 = -3*i + u + 6. Let t = i - 19. Calculate the remainder when t is divided by 14.
13
Let g(w) = 18*w**2 + w - 1. Let k be g(-2). What is the remainder when (k/(-6))/((-2)/4) is divided by 8?
7
Suppose 4*g + x = 3*x + 336, 0 = -2*x + 4. Calculate the remainder when g is divided by 11.
8
Suppose c = -72 + 86. What is the remainder when 54 is divided by c?
12
Let j = -66 - -105. Suppose -4*x - p = -0*p - 60, -5*x - 2*p = -78. Calculate the remainder when j is divided by x.
11
Let f = -5 + 9. Suppose -c = -6 + f. Suppose 0*z - c*z = -26. What is the remainder when 36 is divided by z?
10
Let y = 11 + -5. Suppose -6 = -m + y. Calculate the remainder when 23 is divided by m.
11
Let i(p) = p + 2. Let w be i(-7). Let k(z) = -6*z + 5. Let j be k(w). Suppose -a + j = -u, 8 = -5*a - 4*u + 156. What is the remainder when a is divided by 11?
10
Suppose 0 = -6*d + 14*d - 128. Calculate the remainder when d is divided by 10.
6
Let s(r) be the second derivative of -r**5/20 + 7*r**4/12 - 5*r**3/6 + r**2/2